What is the remainder when 41494 is divided by 6911?
28
Calculate the remainder when 217276 is divided by 67.
62
What is the remainder when 6899 is divided by 59?
55
Calculate the remainder when 741334 is divided by 370665.
4
What is the remainder when 1369 is divided by 366?
271
What is the remainder when 125117 is divided by 455?
447
What is the remainder when 336706 is divided by 109?
5
What is the remainder when 7542 is divided by 2468?
138
What is the remainder when 19706 is divided by 179?
16
Calculate the remainder when 110525 is divided by 55204.
117
Calculate the remainder when 5380 is divided by 242.
56
What is the remainder when 1742 is divided by 1551?
191
What is the remainder when 14116 is divided by 1587?
1420
What is the remainder when 7384 is divided by 42?
34
What is the remainder when 100161 is divided by 57?
12
What is the remainder when 892674 is divided by 446337?
0
What is the remainder when 175283 is divided by 58424?
11
What is the remainder when 4633 is divided by 89?
5
What is the remainder when 5557 is divided by 8?
5
Calculate the remainder when 30328 is divided by 17.
0
What is the remainder when 32665 is divided by 15?
10
What is the remainder when 21375 is divided by 534?
15
What is the remainder when 11268 is divided by 115?
113
What is the remainder when 257669 is divided by 21?
20
Calculate the remainder when 43584 is divided by 37.
35
Calculate the remainder when 1400 is divided by 280.
0
Calculate the remainder when 20939 is divided by 34.
29
Calculate the remainder when 17621 is divided by 75.
71
What is the remainder when 46589 is divided by 1109?
11
What is the remainder when 6825 is divided by 3196?
433
What is the remainder when 9461 is divided by 23?
8
What is the remainder when 6028 is divided by 17?
10
What is the remainder when 72985 is divided by 105?
10
What is the remainder when 759120 is divided by 32?
16
Calculate the remainder when 91211 is divided by 11.
10
Calculate the remainder when 505747 is divided by 145.
132
Calculate the remainder when 15422 is divided by 31.
15
Calculate the remainder when 11907 is divided by 357.
126
What is the remainder when 6536 is divided by 1600?
136
Calculate the remainder when 3318 is divided by 460.
98
Calculate the remainder when 3643648 is divided by 18.
16
Calculate the remainder when 2609 is divided by 649.
13
Calculate the remainder when 194994 is divided by 75.
69
Calculate the remainder when 678183 is divided by 7.
2
What is the remainder when 9220 is divided by 988?
328
Calculate the remainder when 44352 is divided by 134.
132
What is the remainder when 2754 is divided by 202?
128
What is the remainder when 76358 is divided by 93?
5
Calculate the remainder when 4439333 is divided by 88.
85
What is the remainder when 1176 is divided by 90?
6
Calculate the remainder when 405436 is divided by 66.
64
Calculate the remainder when 590 is divided by 125.
90
What is the remainder when 6079 is divided by 94?
63
What is the remainder when 28460 is divided by 1604?
1192
Calculate the remainder when 4060857 is divided by 1439.
1438
Calculate the remainder when 24860 is divided by 66.
44
Calculate the remainder when 1228244 is divided by 409414.
2
Calculate the remainder when 1968 is divided by 68.
64
Calculate the remainder when 31556 is divided by 83.
16
Calculate the remainder when 3801854 is divided by 1327.
1326
Calculate the remainder when 226591 is divided by 6664.
15
What is the remainder when 45504 is divided by 4135?
19
Calculate the remainder when 717239 is divided by 139.
138
What is the remainder when 1854 is divided by 114?
30
What is the remainder when 71169 is divided by 103?
99
Calculate the remainder when 14749 is divided by 3656.
125
What is the remainder when 54828 is divided by 18261?
45
Calculate the remainder when 13543 is divided by 1129.
1124
Calculate the remainder when 6518 is divided by 41.
40
Calculate the remainder when 12165 is divided by 78.
75
Calculate the remainder when 2205 is divided by 1039.
127
What is the remainder when 25277 is divided by 73?
19
Calculate the remainder when 30732 is divided by 389.
1
Calculate the remainder when 8860 is divided by 6.
4
Calculate the remainder when 14595 is divided by 384.
3
What is the remainder when 29176 is divided by 51?
4
What is the remainder when 31404 is divided by 1084?
1052
What is the remainder when 1844 is divided by 573?
125
What is the remainder when 87790 is divided by 7980?
10
What is the remainder when 902 is divided by 154?
132
Calculate the remainder when 3308 is divided by 39.
32
Calculate the remainder when 5753 is divided by 36.
29
Calculate the remainder when 145595 is divided by 1277.
17
Calculate the remainder when 657 is divided by 261.
135
What is the remainder when 45422 is divided by 94?
20
What is the remainder when 113794 is divided by 135?
124
Calculate the remainder when 339599 is divided by 214.
195
What is the remainder when 863211 is divided by 1326?
1311
What is the remainder when 50482 is divided by 135?
127
What is the remainder when 8316 is divided by 1635?
141
Calculate the remainder when 324147 is divided by 212.
211
What is the remainder when 3233 is divided by 964?
341
What is the remainder when 7234 is divided by 517?
513
Calculate the remainder when 1951 is divided by 471.
67
Calculate the remainder when 84654 is divided by 8465.
4
Calculate the remainder when 10441 is divided by 4661.
1119
Calculate the remainder when 4781 is divided by 951.
26
Calculate the remainder when 11914 is divided by 2975.
14
Calculate the remainder when 17849 is divided by 36.
29
Calculate the remainder when 5383 is divided by 1788.
19
What is the remainder when 8707 is divided by 26?
23
What is the remainder when 46933 is divided by 72?
61
What is the remainder when 143574 is divided by 477?
474
What is the remainder when 3336 is divided by 832?
8
What is the remainder when 31415 is divided by 119?
118
What is the remainder when 648632 is divided by 433?
431
What is the remainder when 133506 is divided by 18?
0
Calculate the remainder when 2047451 is divided by 66.
65
What is the remainder when 2113 is divided by 25?
13
What is the remainder when 2204 is divided by 223?
197
What is the remainder when 875217 is divided by 10?
7
What is the remainder when 133758 is divided by 8?
6
Calculate the remainder when 50515 is divided by 52.
23
What is the remainder when 158035 is divided by 5449?
14
What is the remainder when 2214 is divided by 158?
2
What is the remainder when 7052 is divided by 168?
164
Calculate the remainder when 855 is divided by 586.
269
Calculate the remainder when 1341 is divided by 3.
0
What is the remainder when 209144 is divided by 29865?
89
Calculate the remainder when 28314 is divided by 1284.
66
Calculate the remainder when 21030 is divided by 20953.
77
Calculate the remainder when 5743679 is divided by 930.
929
What is the remainder when 34025 is divided by 53?
52
Calculate the remainder when 34147 is divided by 24.
19
Calculate the remainder when 89886 is divided by 29926.
108
What is the remainder when 83810 is divided by 366?
362
What is the remainder when 194311 is divided by 133?
131
What is the remainder when 13802 is divided by 348?
230
What is the remainder when 4196 is divided by 13?
10
What is the remainder when 1254 is divided by 416?
6
What is the remainder when 22934 is divided by 294?
2
What is the remainder when 4953 is divided by 6?
3
What is the remainder when 1607 is divided by 393?
35
Calculate the remainder when 51163 is divided by 8523.
25
What is the remainder when 36301 is divided by 137?
133
Calculate the remainder when 13880 is divided by 3383.
348
Calculate the remainder when 2032 is divided by 113.
111
What is the remainder when 5802 is divided by 1139?
107
What is the remainder when 80757 is divided by 4485?
27
What is the remainder when 12918 is divided by 859?
33
What is the remainder when 13991 is divided by 557?
66
Calculate the remainder when 42778 is divided by 115.
113
Calculate the remainder when 1094 is divided by 134.
22
What is the remainder when 5178 is divided by 513?
48
Calculate the remainder when 577 is divided by 263.
51
What is the remainder when 25366 is divided by 8?
6
Calculate the remainder